= -288, g = -4*w + 57. Calculate the remainder when g is divided by m.
16
Let h(p) = 2*p**2 - 3*p - 3. Suppose 2*n = 82 + 8. Calculate the remainder when n is divided by h(-3).
21
Calculate the remainder when 146 is divided by (-5)/(-40) - 717/(-24).
26
What is the remainder when ((-624)/84)/(4/(-42)) is divided by 1*27 - (2 - 2)?
24
Let h(q) = 3*q**2 + 43*q - 145. Calculate the remainder when h(3) is divided by 6.
5
Let r(d) = 116*d**2 - 5*d - 22. Calculate the remainder when r(-4) is divided by 16.
14
Suppose 1 = -2*p + 11. Let m(t) = -t**3 + 6*t**2 - 8*t + 3. Let o be m(p). Calculate the remainder when 9 is divided by 28/5 - o/30.
3
Suppose h = 4*c - 149, 5*c = -0*c - 2*h + 170. Calculate the remainder when c is divided by 13.
10
Let u(d) = -d**3 + 8*d**2 + 2*d - 3. Let w(h) = -4 - h**3 + 5 - 5 - 4*h**2 - 3*h + 0. Let x be w(-4). What is the remainder when 25 is divided by u(x)?
12
Suppose 42*x - 57*x + 360 = 0. Let h(q) = 24*q - 1. What is the remainder when h(2) is divided by x?
23
Let k(g) = 7*g + 38. What is the remainder when k(-2) is divided by 9?
6
Let i = -171 - -348. Suppose -12*b = -10*b - 90. What is the remainder when i is divided by b?
42
Suppose 3627*h - 965 = 3622*h. What is the remainder when h is divided by 34?
23
Calculate the remainder when ((-8)/(-10))/((-8)/(-12500)*5) is divided by 64.
58
Let s(v) = -5*v**3 - 3*v**2 + 2*v - 4. Let j be s(-4). Let y = -151 + j. What is the remainder when y is divided by 37?
35
Let c(v) be the third derivative of v**4/24 + 13*v**3/6 - 6*v**2. Calculate the remainder when 10 is divided by c(-9).
2
Suppose q - 3 = 4. Suppose 0 = h - 2, 3*n - 22 = -n - h. Suppose -16 = 2*r - 3*r - 3*j, n*r = -j + 122. What is the remainder when r is divided by q?
4
Suppose 117 = 3*h + 81. What is the remainder when 311 is divided by h?
11
Let g be (36/(-60))/((-1)/65). Suppose g = -d + 4*d. What is the remainder when 23 is divided by d?
10
Suppose 13*r - 439 = 523. Calculate the remainder when r is divided by 17.
6
Let t be 29/9 - (-2)/(-9). Suppose -d - 5*i + 55 = d, t*d - 3*i = 93. Calculate the remainder when d is divided by (-12 - (-132)/12)*-17.
13
Let g = 1204 + -1185. Calculate the remainder when 89 is divided by g.
13
Let a be 33/(-12) + 3/(-12). Calculate the remainder when 23 + 2 - ((-12)/a)/(-1) is divided by 11.
7
Let d = -7 + 21. Suppose 0 = -5*y - 4*t + 582, -5*t - 364 = -3*y - 0*t. Suppose u = 3*c - y, c + 5*u + 30 = 2*c. What is the remainder when c is divided by d?
12
Suppose 7*r = 9*r - 326. Let l = r + -108. Calculate the remainder when l is divided by 19.
17
Suppose -6 - 10 = -4*x. Suppose 2 - 23 = 2*q - 5*k, 43 = -3*q - x*k. Let m = q - -19. What is the remainder when 17 is divided by m?
5
Suppose -3*r = -r - 6. Suppose h - 4*h + 12 = 0. Calculate the remainder when (5 - r)*7/2 is divided by h.
3
Suppose -4*z - 32 = -12*z. Suppose l - z*f = 33, l = 7*f - 2*f + 33. Calculate the remainder when 97 is divided by l.
31
Calculate the remainder when 2/3 + (-1 - 806/(-6)) is divided by 72.
62
What is the remainder when 33 is divided by (1/(-3))/(26/(-390))?
3
Calculate the remainder when 73 + -79 + 5/((-15)/(-978)) is divided by 9.
5
Suppose -t = 4*t - 10. Suppose 174 + 135 = 71*l - 46. Calculate the remainder when l is divided by t.
1
Let f be 48/(-9)*9/(-2) + 3. Suppose 3*b = 93 - f. Calculate the remainder when 151 is divided by b.
19
What is the remainder when 144/(-9)*(2 + 0 - 4) is divided by 2?
0
Let t be 12/(-30)*105/(-1). Suppose -t = -3*s - 4*m, -2*s + 5*m = 1 - 6. Calculate the remainder when 15 is divided by (208/(-65))/((-4)/s).
7
Let i(f) = f**2 + 0*f**2 + f**2 - 1. Suppose 2 - 11 = -3*k. What is the remainder when i(k) is divided by 10?
7
Suppose 3*a + 2*c = -2*a + 192, 4*a + c - 156 = 0. Let l = a + -9. Calculate the remainder when l is divided by 7.
3
Let o(p) = -31*p + 24. Let y be o(-6). Suppose 10 - y = -10*n. What is the remainder when n is divided by 7?
6
Let c(x) = -x + 31. Calculate the remainder when 72 is divided by c(16).
12
Suppose -117 = -5*y + 213. Let o = -107 + 125. What is the remainder when y is divided by o?
12
Suppose -25 = 2*v + 13. Let s = v + 32. Suppose 0 = 2*a + 3 - s. Calculate the remainder when 18 is divided by a.
3
Suppose 5*g - 5 = 5. Calculate the remainder when 24 is divided by (g/4)/(7/14) + 6.
3
Suppose -b + 3*y - 2 = -74, -5*b - y + 392 = 0. Calculate the remainder when 228 is divided by b.
72
Let w = -212 + 225. What is the remainder when 14 is divided by w?
1
Calculate the remainder when 86 is divided by (-8 - (-17 - -6))*8.
14
Let i = -480 + 524. Calculate the remainder when 94 is divided by i.
6
Suppose 0 = -0*z - 3*z - 48. Let n = -12 - z. Calculate the remainder when 15 is divided by n.
3
Suppose 3*u - 215 = -2*r + 105, -2*r = -3*u - 332. Let l = r + -119. What is the remainder when l is divided by 29?
15
Suppose -55*u + 12460 = -27*u. What is the remainder when u is divided by 15?
10
Let i = -362 + 394. Calculate the remainder when i is divided by 21.
11
Let w = 862 + -793. Calculate the remainder when 482 is divided by w.
68
Let w = -242 + 281. What is the remainder when w is divided by 7?
4
Suppose -26 - 55 = -3*a. Let c = a + -23. Suppose -5*h = -c*h - 23. What is the remainder when h is divided by 6?
5
Let c be (-66)/7*(2 - 3)*7. Suppose 2*l + 2*n - 11 = 25, -3*l = -n - c. What is the remainder when 102 is divided by l?
18
Let k = 5 - 0. Suppose j - 2*z = -2*j + k, -z = -j + 3. Calculate the remainder when 14 is divided by -3 + 3 + (j - -7).
2
Suppose -253*j - 1078 = -267*j. What is the remainder when 85 is divided by j?
8
Suppose u - 5*s - 20 = 0, -2*u - 4*s = -5*u + 27. Let a = 15 + u. Calculate the remainder when 54 is divided by a.
14
Let c = -1247 + 2126. What is the remainder when c is divided by 55?
54
Suppose -3*j = 2*j - 540. Let v = 3 + j. Calculate the remainder when v is divided by 16.
15
Let b = -108 + 250. Calculate the remainder when b is divided by 38.
28
Let r(j) = 4*j**3 - 4*j**2 + 26*j - 80. What is the remainder when r(3) is divided by 19?
13
Let g(j) = -4*j + 62. What is the remainder when 35 is divided by g(13)?
5
Calculate the remainder when (162/4)/((-18)/(-60)) is divided by 70.
65
Let b(l) be the first derivative of l**3/3 - 2*l**2 - 13*l + 3. Let z be b(7). Let j = 27 - z. What is the remainder when 73 is divided by j?
16
Let r(x) = -x**2 - 11*x - 8. Let f = -44 - -33. Let t = -5 - f. Calculate the remainder when r(-6) is divided by t.
4
Let d(w) = 3*w**2 - 6*w + 18. What is the remainder when 248 is divided by d(5)?
59
Calculate the remainder when 122 is divided by (84/(-56))/((-3)/42).
17
Let l(c) be the first derivative of -c**4/4 + c**3/3 + 7*c**2/2 - 5*c - 14. What is the remainder when 19 is divided by l(2)?
4
Let c(r) = 2*r**3 - 5*r**2 + r + 4. Let i(u) = u**2 + 22*u + 139. What is the remainder when c(4) is divided by i(-12)?
18
Calculate the remainder when (-36)/(-30)*310/3 is divided by 1240/93 - (1 - 5/3).
12
Let f(g) = g**2 - 7*g + 8. Let h be f(6). Suppose 2*i + 5*p - 47 = 0, 0*p - 27 = -h*i - p. Calculate the remainder when 40 is divided by i.
7
What is the remainder when 10*(2 - (3 + (-45)/10)) is divided by 19 + (-2 - (2 + -4))?
16
Let w(h) = 27*h - 71. What is the remainder when w(12) is divided by 52?
45
Let o be (-4)/(-14) - (-298)/(-14). Let u = 26 + o. Suppose 2*m - u*g = 44, -6*m = -m - 4*g - 76. What is the remainder when m is divided by 8?
4
Let z = -1616 + 1639. Calculate the remainder when 116 is divided by z.
1
Let l(v) be the third derivative of -v**5/60 - v**4/3 - v**3/3 + 2*v**2. Suppose 3*k - 88 = -1. Calculate the remainder when k is divided by l(-6).
9
Suppose -21*a - 54 = -306. What is the remainder when 116 is divided by a?
8
Suppose 135*m - 120*m = 615. What is the remainder when 116 is divided by m?
34
Suppose 0 = 3*n - 12 + 6. Suppose -8 = n*r - 44. What is the remainder when r is divided by 10?
8
Let p = 238 - 226. Calculate the remainder when 22 is divided by p.
10
What is the remainder when (5/30)/((-18)/(-25164)) is divided by 74?
11
Suppose -6*d - 16 + 76 = 0. Let y be (-10)/4*16/d. What is the remainder when 36 is divided by y/(-6) - (-55)/3?
17
Suppose -560 = -15*f - 140. Calculate the remainder when -1 + (2 - -109) + 1 is divided by f.
27
Suppose -402 = 2*